- 6. Suppose 0*b + 5 = b. Let i be y(b). Suppose -4*a + 3*h = 2*h - i, 3*a = -4*h + 38. What is the highest common divisor of a and 60?
6
Suppose -4*i + 2 = -42. Suppose -3*h = -s - 324, 3*h - 202 - 128 = 3*s. Suppose t = h - 19. What is the highest common divisor of t and i?
11
Let g be (0 - (-18)/7)/((-24)/(-168)). Calculate the highest common divisor of 198 and g.
18
Let f be ((-3)/(-2))/(6/(-8)). Let p be f*((-150)/(-4))/(-3). Calculate the highest common divisor of 5 and p.
5
Let y(g) = -g**3 + 8*g**2 - 3*g + 9. Let u be y(6). Let l(a) = a + 15. Let q be l(-6). What is the highest common factor of u and q?
9
Suppose 508 = 4*p + 8*n - 10*n, -3*p = -4*n - 386. Calculate the highest common divisor of p and 42.
42
Suppose 3*o - 8 = o, 0 = -3*p + o + 11. Calculate the greatest common divisor of p and 5.
5
Let x = -34 + 36. Calculate the highest common factor of x and 8.
2
Let q(u) = 4*u + 20. Let z be q(7). Calculate the highest common divisor of 12 and z.
12
Let w(f) = -69*f + 19. Let j be w(-1). Suppose 2*v + 2*v + 180 = 5*d, d - 47 = 3*v. Suppose -4*q + d = -0*q. Calculate the highest common divisor of j and q.
8
Let m(a) = a**2 + 7*a - 3. Let y be m(-8). Let g = y + -7. Let w be 35*(2*-1)/g. Calculate the highest common divisor of 14 and w.
7
Let q be -1*(-16 + 4 - -3). Calculate the highest common divisor of q and 27.
9
Let z(n) = n**2 - 3. Let v be z(4). Suppose -5*x - v = -48. Let i be (-254)/(-6) - x/21. Calculate the greatest common divisor of i and 14.
14
Suppose 0*o + 2*o = 6. Let v(x) = x**3 + 2*x**2 - 4*x - 2. Let l be v(-3). What is the greatest common factor of o and l?
1
Let z(g) = g + 11. Let j be z(-7). Suppose -j*s = 16, 0*s - 148 = -2*a - 3*s. Calculate the greatest common divisor of a and 32.
16
Suppose v + v = 6. Suppose v*h + 5*c = 3*c + 17, 5*h - 50 = c. What is the greatest common factor of 99 and h?
9
Let q = 59 - 36. Let u = 56 - q. Let z(s) = 2*s**2 + 3*s + 2. Let x be z(-3). Calculate the greatest common divisor of u and x.
11
Suppose 0 = -5*c - 8 + 38. Calculate the greatest common divisor of c and 24.
6
Let g be (1 + -2)*-20 + 0. Suppose c - 5*r = 11, -5*r = -3*c - 3*r + g. Calculate the highest common factor of 66 and c.
6
Let q(n) = -n**2 - 8*n + 1. Let h be q(-6). What is the highest common factor of 117 and h?
13
Let y be 49/35 + 6/10 - -7. Calculate the highest common divisor of 3 and y.
3
Let v(d) = d**3 - 9*d**2 + 6*d + 11. Let t be v(8). Let z be ((0 - -4) + t)*-4. Calculate the greatest common factor of z and 12.
4
Suppose 0 = o - 6 - 4. What is the highest common divisor of 10 and o?
10
Let p(h) = h + 12. Let r be p(12). What is the highest common divisor of r and 60?
12
Let g(k) be the third derivative of 3*k**6/40 - k**5/20 + k**4/24 + 2*k**3/3 - 7*k**2. Let m be g(2). What is the greatest common divisor of m and 22?
22
Let d(i) = 5 + 0*i**2 - 9*i**2 + 0 + i**3. Let w(a) = -a**2 - 14*a + 9. Let m be w(-14). Let f be d(m). What is the greatest common factor of 10 and f?
5
Suppose 3*u - s = 0, u = 4*s + s. Let d = -2 + 2. Suppose d = 4*w - u*r - r - 25, 15 = 4*w + r. Calculate the greatest common factor of w and 5.
5
Let v be 14/(-70) + (-1872)/(-10). Calculate the highest common divisor of 17 and v.
17
Suppose -3*w + 28 = -5. Suppose -2*m - 3 = -5*m. What is the greatest common factor of w and m?
1
Let f = 1303 - 923. What is the greatest common factor of f and 38?
38
Let k = 15 + 2. Suppose -b - b + 8 = 0. Suppose 3*l + b*q = -2*l + 607, -125 = -l - 2*q. Calculate the greatest common factor of k and l.
17
Let z(v) = -2*v - 2. Let y be z(-5). What is the highest common factor of 16 and y?
8
Let f = -59 + 63. Calculate the greatest common factor of 20 and f.
4
Let s be (-2)/((-2)/(-5))*-1. Let y(q) = q**3 - 4*q**2 - 5*q + 4. Let z be y(5). Let n be (0 - 0) + z + -2. What is the greatest common factor of s and n?
1
Suppose 3*o - 3*t - 18 = -0*t, -4*o + 40 = 4*t. Let l = 80 + -48. Calculate the highest common divisor of o and l.
8
Let z = 3 + 74. What is the greatest common divisor of z and 7?
7
Let g be (-2)/(2 - -2)*-66. Suppose -w - 10 = w, 36 = k - 5*w. Calculate the greatest common factor of g and k.
11
Let o = 22 - -23. What is the greatest common factor of 360 and o?
45
Suppose 40 = -3*k + 130. What is the highest common divisor of 12 and k?
6
Let t(b) = -b + 1 - 2 - b**3 + 3 - 4*b**2. Let d be t(-4). Let j = 1 + d. Calculate the highest common divisor of j and 49.
7
Let o = 80 - -58. Suppose -2*b + o = -60. What is the highest common factor of b and 9?
9
Let o(k) = -6*k - 10. Let w be o(-11). Suppose -w = -4*l - 3*b, -5*l - b + 70 = -0*b. Let c be 8*(21/12 - 0). What is the greatest common divisor of l and c?
14
Let q be (-1 - 4)*(-13 + -2). What is the greatest common factor of 30 and q?
15
Let t = 7 - -1. Suppose -5*v + 5*q = -90, 0 = v - 0*v + 4*q - 8. Calculate the greatest common factor of t and v.
8
Let o(a) = -a**3 - 7*a**2 - 2*a - 6. Let v be o(-7). What is the highest common factor of 8 and v?
8
Let d be (-11)/(-1 - (-1 + 1)). Suppose -86 = 2*y - 3*y. Let g be 1/4 + y/8. What is the highest common factor of d and g?
11
Let j = -54 + 75. What is the highest common divisor of 7 and j?
7
Let j be (-4)/((-7)/((-252)/(-8))). What is the highest common divisor of j and 18?
18
Let h(u) = -u**3 + 5*u**2 + 7*u - 4. Let o be h(6). Calculate the highest common divisor of o and 2.
2
Suppose 0 = -11*o - 5*o + 1024. What is the highest common divisor of o and 4?
4
Suppose -12 + 0 = 6*p. Let h be (-2)/(-4)*6 + p. What is the greatest common divisor of h and 3?
1
Let w(u) = 16*u - 2. Let v be w(2). What is the highest common factor of v and 10?
10
Let n = 88 + -73. What is the highest common factor of n and 15?
15
Let g(r) = 19*r - 48. Let o be g(4). Let h = 21 + -14. What is the highest common divisor of h and o?
7
Suppose -165 = -5*w - 0*i - 3*i, 4*w - 95 = 5*i. What is the greatest common factor of w and 330?
30
Let g(q) = q**2 - 5*q - 10. Let a be g(5). Let v be 8/(-20) - 244/a. What is the highest common factor of 120 and v?
24
Let x be 231*(-1)/(-3)*1. Let y(c) = c + 11. Let i(s) = s + 11. Let n(d) = -3*i(d) + 4*y(d). Let k be n(0). What is the highest common factor of k and x?
11
Suppose -y = 2*g - 20 - 31, -5*g = 3*y - 125. Calculate the highest common factor of 7 and g.
7
Let x = 9 - 4. What is the highest common factor of 15 and x?
5
Let n be 17 + 2 + (0 - 2). Calculate the greatest common divisor of n and 34.
17
Let k be (2 - 14/(-1)) + -1. Let v = 307 - 142. Calculate the greatest common factor of k and v.
15
Suppose 4*a + 53 = y, 275 = y + 3*y + 5*a. Suppose 0 = w + 5 - y. Let f = 28 - 4. Calculate the greatest common factor of f and w.
12
Let v be -11 - 0*1/1. Let b = v + 21. Suppose 0 = 5*l - 0*l - 150. Calculate the highest common factor of l and b.
10
Let s(t) = 5*t**2 + 5*t - 4. Let o be s(3). Let p(b) = -b**2 + 2*b + 8. Let m be p(0). What is the greatest common factor of o and m?
8
Let m(w) = -2*w + 17. Let k be m(8). What is the greatest common factor of 13 and k?
1
Let t(n) = 2*n**3 - 3*n**2 - 3*n - 3. Let l be t(4). Let m be -16 + 1 + 0/2. Let i = 41 + m. Calculate the greatest common divisor of i and l.
13
Suppose 3*j + t - 6 = 2*t, 10 = 5*j - 4*t. Let a(r) = 10*r - 3*r + r + 5*r. Let p be a(j). Calculate the greatest common factor of 13 and p.
13
Let r(b) = -b**3 + b**2 + 5. Let w(a) = a**2 - 3*a + 2. Let s be w(2). Let f be r(s). Calculate the greatest common factor of f and 35.
5
Suppose a - 4*a = 0. Suppose a = 3*b + b. Suppose -s + 7 + 1 = b. Calculate the greatest common factor of s and 2.
2
Let d be 8/10*(32 - -3). Suppose 6*v - 3*v + 6 = 3*z, -5*v = 4*z + d. Let c be z/7 - (-144)/14. Calculate the greatest common factor of 4 and c.
2
Let w(x) = -x - 1. Suppose 0*r - 6 = 2*r. Let a be w(r). Suppose p + 2*p - 19 = -2*s, 3*s = -a*p + 6. What is the highest common divisor of 36 and p?
9
Let r = -6 + 10. What is the greatest common divisor of 4 and r?
4
Let a(d) = 4*d**2 + 3*d - 8. Let o be a(-4). What is the highest common divisor of o and 33?
11
Let b(l) = 2*l**2 - 3*l. Suppose -4*w = 3*h + 4, -5*w = -0*h + 3*h + 2. Let d be b(w). Calculate the highest common factor of 18 and d.
2
Suppose 9 = 2*j - 21. Let z be 8 + -1 + -2 + 6. Let c be 2/z + (-9065)/(-55). What is the h